 11 = 0. Give g(k).
-2
Let q(d) = 5*d**2 - 6*d + 1. Let r(h) = 5*h + 4. Let j be r(-3). Let c(k) = 14*k**2 - 17*k + 3. Let s(o) = j*q(o) + 4*c(o). Suppose x + 2 = 4. Give s(x).
1
Let c(n) = -n**3 + 5*n**2 + 4*n + 6. Let f(r) = 1 - 1 + 18*r - 16*r. Let p be f(3). Give c(p).
-6
Let f(v) = -4*v**3 + 12*v**2 + 13*v - 10. Let p(d) = -9*d**3 + 25*d**2 + 26*d - 21. Let b(i) = 7*f(i) - 3*p(i). Give b(10).
23
Let r(k) be the second derivative of k**4/12 - 7*k**3/6 + 7*k**2/2 - 2*k. Let i(y) = 3*y - 7. Let b be i(4). Give r(b).
-3
Let r(q) be the second derivative of -q**6/360 + 7*q**5/120 - q**4/8 + q**3/3 - 3*q. Let k(t) be the second derivative of r(t). Calculate k(7).
-3
Let i = -16 + 15. Let u(l) = 8*l**3 - l**2 - l - 2. Let h(g) = -8*g**3 + 2*g**2 + 2*g + 3. Let a(k) = 3*h(k) + 4*u(k). Determine a(i).
-7
Suppose l = -3*l. Let k = l - -5. Let z(j) = j - 3. Determine z(k).
2
Let f(o) = -o**3 + 7*o**2 - 6*o - 4. Let w be ((-102)/12)/((-1)/(-2)). Let x = w + 23. Give f(x).
-4
Let m be (-22)/(-4) - 2/4. Let q(v) be the second derivative of v**3/6 - 3*v**2/2 + 4*v. Determine q(m).
2
Let g(a) = 1. Let y(d) = -d**2 - 4*d - 2. Let f(z) = 5*g(z) + y(z). Calculate f(-5).
-2
Let b(s) = -364 - s + 184 - s**3 + 180. Determine b(2).
-10
Suppose 0*f = f. Suppose 4*t - 16 = f, 0 = -5*s + 4*t - 3 - 8. Let r = 0 + s. Let h(l) = -2*l**2 + l - 1. What is h(r)?
-2
Let q(k) = -k**3 - 4*k**2 - k. Let x be q(-2). Let h = x + 2. Let u(w) = 2*w + 5. Give u(h).
-3
Let z(y) = -3*y + 80. Let t be z(28). Let a(v) = -2*v**2 - 5*v - 2. What is a(t)?
-14
Let t(l) = 9*l. Let h(z) = -z**2 + 5*z**2 - 6*z**2 + 1. Let b be h(-1). Determine t(b).
-9
Let k be (-5 - -2 - 3)/1. Let g(n) = 5*n - 11. Let l(y) = -y + 1. Let v(o) = -g(o) - 6*l(o). Give v(k).
-1
Let w(k) = 3*k**3 + 4*k**2 - 6*k - 3. Let q(j) = -2*j**3 - 4*j**2 + 5*j + 3. Let n(g) = 4*q(g) + 3*w(g). Determine n(3).
0
Let s = 1 - -3. Let x = 6 - s. Let l(o) = 3*o + 1. Give l(x).
7
Let y(n) = 10*n**2 + n. Let m(a) = -1 + 1 - a. Let f be m(1). Calculate y(f).
9
Suppose -u = 2*u - 5*r - 26, 0 = -r - 4. Let a(n) = n**2 - 4*n. What is a(u)?
-4
Let b(u) be the second derivative of u**4/12 - u**3/2 - u**2/2 + 7*u. Determine b(5).
9
Let t(s) = s**3 - 9*s**2 - s + 9. Let k be t(9). Let d(r) = -3 + 5 + 0*r + k*r + 2*r. Determine d(-4).
-6
Let g(m) = -m**2 + 7*m + 1. Suppose -n - 2*k = 2, -3*n + 3*k + 14 + 25 = 0. Determine g(n).
-7
Suppose 2*n - 5 = -1. Let a(r) = -6*r**2 + 5*r - 1. Let l(s) = s**2 - s. Let b be -1 + 1 - (-8)/4. Let q(m) = b*a(m) + 11*l(m). Determine q(n).
-8
Let i(z) = z**2 + 9*z + 5. Let s(x) = -2*x**2 - 19*x - 11. Let b(c) = -13*i(c) - 6*s(c). Determine b(-4).
-3
Let f(g) = g**2 - g + 4. Let n be ((-2)/4)/((-1)/6). Suppose 4*w = n*w. Give f(w).
4
Let q(u) = -3*u**3 + 2*u**2 - u. Let s be (-3 + 125/40)*8. Determine q(s).
-2
Let u(b) = b**2 + 3*b + 2. Let t = 6 + -9. Determine u(t).
2
Let k(f) be the third derivative of -f**4/12 + f**3 - 17*f**2. Determine k(6).
-6
Let j = -2 + 9. Suppose -4*x = 5*m - 44, x - j = -3*m + 11. Let h(s) = s**3 - 7*s**2 + 7*s - 8. Determine h(x).
-2
Suppose -r + 42 = 6*r. Let y(x) be the third derivative of x**5/60 - x**4/4 - 2*x**3/3 + 2*x**2. Determine y(r).
-4
Suppose 5*o + 0*o - 25 = 0. Let b = 0 - o. Let a(z) = -z**2 - 3*z + 1. Determine a(b).
-9
Let x = -67 + 73. Let f(v) = -v**3 + 7*v**2 - 7*v. Give f(x).
-6
Let s(g) be the second derivative of -g**3/2 - 7*g. What is s(-3)?
9
Let t(s) = -6*s - 2. Let m(c) = -c - 1. Let f(p) = 8*m(p) - t(p). Calculate f(-6).
6
Let d(u) = -u**2 - 5*u + 2. Let k = 9 - 14. Give d(k).
2
Let z(o) = o**3 - 2*o**2 + 0*o**2 + 3*o - 4*o. Let r(p) = -p**3 + 2*p**2 + p + 1. Let m be (-18)/54 + (-10)/6. Let j(a) = m*r(a) - 3*z(a). Give j(-2).
12
Let h(z) = -4*z + 4. Let c(k) = -5*k + 4. Let u(o) = 5*c(o) - 6*h(o). Determine u(0).
-4
Suppose 5*d + 9*p + 15 = 4*p, d = -2*p. Let z(l) = -l**3 - 5*l**2 + 6*l - 4. Give z(d).
-4
Let c(u) = -3*u + 4. Let v = 16 + -3. Suppose 4*t + 13 = -r, -r + v + 10 = -5*t. Let l be c(r). Let a(m) = m**2 + 5*m + 1. Calculate a(l).
1
Let m be (6/(-4))/(3/(-2)). Let w = m - 1. Suppose -3*p = -w*p - 15. Let x(h) = h**3 - 5*h**2 - 2*h + 6. Give x(p).
-4
Let y be 4/14 + (-66)/(-14). Let q(s) be the second derivative of -s**5/20 + 5*s**4/12 + s**3/3 - 7*s**2/2 - 6*s. What is q(y)?
3
Suppose 9 = x - g, -3*x + 7 = -2*g - 16. Let t(n) = -x*n + 0 + 1 + 2*n + 2*n. Calculate t(5).
-4
Let n(y) = 5*y**3 - y**2 - 5*y + 17. Let x(s) = -s**3 + s - 4. Let h(k) = -2*n(k) - 9*x(k). Let z = -52 + 55. What is h(z)?
-4
Let m(a) = 2*a - 1. Let j(u) = -14*u + 10. Let s(b) = -j(b) - 6*m(b). What is s(-4)?
-12
Let k(o) = 6*o**2 - 15*o + 15. Let r(b) = -b**2 + b - 1. Let u(l) = -k(l) - 5*r(l). What is u(10)?
-10
Let s = 2 + 3. Let h(x) be the third derivative of 0*x - 1/15*x**5 + 1/3*x**3 - 5/24*x**4 + 0 + 1/120*x**6 - x**2. Calculate h(s).
2
Let o = 2 - -1. Let r(h) = 0 + 3 + h**3 - 2*h**2 + h - o*h**2. Let x be 1 + 2 + (-3 - -5). Determine r(x).
8
Suppose 3*x + 16 = -2*h - 3*h, 3*h = -4*x - 3. Let c(a) = a**3 + 4*a**2 - 4*a + 1. Determine c(h).
-4
Suppose -4*f + r + 21 = -12, -5*f = 4*r - 15. Let c(w) = 0 + 3*w + f - 4*w + 5*w**2 - w**3 + 0*w. Calculate c(5).
2
Let a(c) = 7*c**2 - 5*c - 7. Let w(h) = h**2. Let p(b) = 15*b**2 - 9*b - 13. Let s(k) = -p(k) + 2*w(k). Let u(j) = 11*a(j) + 6*s(j). What is u(-3)?
-5
Let u = -1 - 0. Let k(a) = -2*a. Let y(g) = 4 + g - 4. Let v(f) = -2*k(f) - 3*y(f). Give v(u).
-1
Let i(d) = -d**2 - d. Let h(r) = -r**3 + 2*r**2 + r + 6. Let c(n) = -h(n) - 2*i(n). Suppose p + 0*p = u + 18, 0 = -4*u + 4. Let g = 19 - p. Give c(g).
-6
Let t(g) be the first derivative of 2/3*g**3 - 2*g**2 - 2 - 4*g + 1/4*g**4. What is t(-3)?
-1
Let d(y) = -3*y + 2. Let r(c) = c**3 + c**2 - c. Let v(w) = -w**3 - 6*w**2 + 6*w + 1. Let b(t) = -2*r(t) - v(t). Let u be b(3). Determine d(u).
14
Let p = -8 - -12. Let x(y) = -4*y**2 + y - 3. Let q(d) = -5*d**2 + d - 2. Let z(k) = p*q(k) - 3*x(k). Let u(m) = -m + 5. Let i be u(6). Determine z(i).
-8
Let s(x) = x**2 + 5*x - 10. Let z = 6 + -13. Give s(z).
4
Let p(q) = 15*q - 78. Let k be p(5). Let h(v) = -v**3 - 5*v**2 - 2*v + 6. Determine h(k).
-6
Suppose 0*m - m = -3. Let a(h) = -16*h + 12. Let f(t) = 11*t - 8. Let j(q) = -5*a(q) - 7*f(q). Give j(m).
5
Suppose 4 = k + 3. Let h(t) = t**2 - t - 1. Let q(s) = -6*s**3 + 5*s**2 - 6*s - 4. Let j(u) = -5*h(u) + q(u). Determine j(k).
-6
Let p(w) = -w**2 + w + 4. Suppose 5*t - 5*m - 10 = -25, 3*m = -3. Give p(t).
-16
Suppose 0 = 4*p + 3*y + 33, y + 1 = -2. Let i(t) = 5*t**2 - 9. Let b(c) = 6*c**2 - c - 10. Let n be -1*(-4)/1 - -3. Let j(d) = n*i(d) + p*b(d). Calculate j(4).
5
Let s(t) be the first derivative of -t**4/4 + t**3 - t**2/2 - 2*t - 14. Calculate s(3).
-5
Let u(v) = -v**3 + 5*v**2 + 5*v + 2. Let c = -68 - -74. What is u(c)?
-4
Let l(w) = -2*w**3 + 8*w**2 - 3*w - 4. Let c(n) = 17*n**3 - 15*n**3 + 0 + 3 + 3*n - 7*n**2. Let v(f) = 5*c(f) + 4*l(f). Let u be (4/(-6))/((-1)/3). Give v(u).
9
Let b(z) = -4*z + 22 - 2*z**2 - 5*z**2 - z**3 - 17. Calculate b(-6).
-7
Let c(w) = 8*w**2 + 9 - 30 + 0*w**3 - w**3 + 11. What is c(8)?
-10
Let a(t) be the second derivative of -t**3 + t**2/2 + 2*t. Determine a(-1).
7
Let c = -18 + 20. Let f be 0/4 - 0 - c. Let u(o) = 1 - o - 3 - o. Determine u(f).
2
Let s(q) be the second derivative of q**3/2 + q**2/2 + q - 3. Let o(g) = 2*g**2 + 3*g + 1. Let d be o(-2). Let f(i) = -2*i + 4. Let x be f(d). What is s(x)?
-5
Let n(c) be the first derivative of -c**4/4 + 5*c**3/3 + 2*c**2 - 4*c + 27. Calculate n(5).
16
Let u(k) = -15*k + 17*k + k**3 - 1 - 2 - 3*k**2. Let c = 3 + 0. Determine u(c).
3
Suppose -2*y - 3*y = g - 7, 5*g - 7 = 3*y. Let x(z) = -z**2 - z + 3*z**2 + 4 - 2. What is x(g)?
8
Let b(x) = -3*x - 1. Let a(q) = -13*q - 3. Let w(j) = -2*a(j) + 9*b(j). Let m(y) = 2*y - y + 1 - 2*y - 5*y**2 + y**3. Let z be m(5). What is w(z)?
1
Let l(k) = -k - 3. Let x(j) = j**3 + 9*j**2 - 8*j + 14. Let o be x(-10). Let u be o*(-3 - -1 - -3). Calculate l(u).
3
Suppose 2*r + 2 = -6. Let y(l) = -l**3 - 5*l**2 - 2*l + 4. Let t be y(r). Let k(g) = -g**2 - 4*g - 5. Determine k(t).
-5
Let r(p) = -p**3 - 4*p**2 + 6*p + 5. Suppose -q = -l + 2, -l + q - 13 = -3*l. Suppose -2*t - 7 = l*z + 8, t + 5*z = -10. Give r(t).
0
Let j = -10 + 10. Suppose -4*f + j*f = 5*y +